{"id":432,"date":"2023-03-22T19:51:29","date_gmt":"2023-03-22T22:51:29","guid":{"rendered":"https:\/\/assppol.com.ar\/?page_id=432"},"modified":"2024-02-19T20:21:17","modified_gmt":"2024-02-19T23:21:17","slug":"quienes-somos-assppol","status":"publish","type":"page","link":"https:\/\/assppol.com.ar\/?page_id=432","title":{"rendered":"Quienes Somos"},"content":{"rendered":"<p>Creada el 8 de Agosto de 1984, en su larga trayectoria, nuestra Asociaci\u00f3n de Servicios Sociales del Personal Policial fue creciendo en servicios y beneficios para responder a la necesidad de m\u00e1s de 1500 afiliados con los que cuenta en la actualidad.<\/p>\n<p>Durante 39 a\u00f1os nos abocamos a la prestaci\u00f3n de servicios sociales, integr\u00e1ndonos principalmente a la familia policial\u00a0 y penitenciaria en actividad en toda la provincia de La Rioja. Agrupamos a todo el Personal Policial sin Distinci\u00f3n de Jerarqu\u00edas y a su grupo familiar, dedic\u00e1ndonos permanentemente a atender Salud, Social y Deporte.<\/p>\n<p>La sede de ASSPPOL est\u00e1 ubicada en 9 de Julio 278 en la Capital de la provincia de La Rioja, donde cuenta con un equipo de trabajo con aptitudes para gestionar, organizar, planificar, comunicar e informar, centrando\u00a0 la atenci\u00f3n en la necesidad del personal afiliado y dando respuestas eficientes a cada situaci\u00f3n.<\/p>\n<p><strong>Nuestra Esencia y Compromiso Social<\/strong><\/p>\n<p>Contamos con un Estatuto el cual establece la designaci\u00f3n del Consejo Directivo, electo para desempe\u00f1arse en el cargo por Dos A\u00f1os pudiendo ser reelectos, llevando a delante con responsabilidad\u00a0 los destinos de la Instituci\u00f3n.<\/p>\n<p>En la Actualidad estamos fortaleciendo la relaci\u00f3n estrat\u00e9gicamente con las diferentes entidades, prestadores y profesionales comprometi\u00e9ndonos socialmente, buscando a trav\u00e9s de la interacci\u00f3n el desarrollo de los valores, habilidades, calidad de servicio y escalabilidad de los mismos para brindarle a los afiliados mayor cobertura y servicios de calidad.<\/p>\n<p>A lo largo de los a\u00f1os hemos crecido y ya contenemos a m\u00e1s de mil quinientos afiliados directos en Capital e Interior, como nombramos anteriormente.<\/p>\n<p><strong>Visi\u00f3n<\/strong><\/p>\n<p>Mantenemos el rumbo fijado consolid\u00e1ndonos como una entidad abierta a la sociedad, mejorando cada d\u00eda para lograr una mejor y mayor calidad en servicios; convocando a profesionales del medio, quienes nos dan la confianza en cada especialidad, con alcance en toda la provincia, buscando la excelencia, la mejora continua, y el liderazgo en la asistencia a los efectivos policiales.<\/p>\n<p><strong>Misi\u00f3n<\/strong><\/p>\n<p>Garantizar la cobertura en salud y servicios sociales a trav\u00e9s de un en relaci\u00f3n precio-calidad a todo el personal policial y penitenciario, cuidando su bienestar y del grupo familiar.<\/p>\n<p><strong>Nuestros Valores<\/strong><\/p>\n<p>Reconocemos en cada acci\u00f3n un determinado valor agregado. Es por eso que nos sustentamos en lo siguiente:<\/p>\n<ul>\n<li>Integridad: Aspiramos a mantener nuestra organizaci\u00f3n dentro de los principios \u00e9ticos y morales compartidos, bas\u00e1ndonos en la solidaridad, equidad y accesibilidad.<\/li>\n<li>Innovaci\u00f3n: Indica el modo en que enfrentamos los desaf\u00edos, siempre listos para superarnos con ideas nuevas. Nos diferenciamos por nuestra creatividad, propuestas innovadoras, constante actualizaci\u00f3n en la operatividad, y la digitalizaci\u00f3n como estrategia importante para comunicar e informar, ayornandonos a los tiempos que corren y utilizando las herramientas inform\u00e1ticas para trascender en el espacio y en el tiempo.<\/li>\n<li>Compromiso: Si bien necesitamos operar con \u00edndices de rentabilidad adecuados para cumplir con nuestras responsabilidades, estamos comprometidos para satisfacer a nuestros afiliados y cumplir con nuestra responsabilidad social, apoyando a la comunidad que nos rodea, escuelas, hospitales, actividades recreativas, deportivas.<\/li>\n<\/ul>\n<hr \/>\n<h3 style=\"text-align: center;\"><span style=\"color: #008000;\">Ver Estatuto de Assppol<\/span><\/h3>\n<p style=\"text-align: center;\"><a href=\"https:\/\/assppol.com.ar\/wp-content\/uploads\/2023\/05\/Estatuto-Assppol.pdf\">Estatuto Assppol<\/a><\/p>\n<hr \/>\n<p>&nbsp;<\/p>\n<h3 style=\"text-align: center;\"><span style=\"color: #008000;\">Comisi\u00f3n Directiva<\/span><\/h3>\n<p style=\"text-align: center;\"><strong>Comisi\u00f3n Directiva Electa en Asamblea Anual Ordinaria del 10\/11\/2023<\/strong><\/p>\n<p style=\"text-align: center;\"><strong>Periodo 2023 &#8211; 2025<\/strong><\/p>\n<hr \/>\n<p style=\"text-align: left;\"><img loading=\"lazy\" decoding=\"async\" class=\"alignnone size-full wp-image-586\" src=\"https:\/\/assppol.com.ar\/wp-content\/uploads\/2023\/05\/ComisionPresidente-1.png\" alt=\"\" width=\"189\" height=\"42\" \/>\u00a0 \u00a0 \u00a0 \u00a0 \u00a0 \u00a0 \u00a0 \u00a0 \u00a0 \u00a0 \u00a0 \u00a0 \u00a0 \u00a0 \u00a0 \u00a0 \u00a0 \u00a0 \u00a0 \u00a0 <strong>Martinez H\u00e9ctor Mauricio<\/strong><\/p>\n<hr \/>\n<p><img loading=\"lazy\" decoding=\"async\" class=\"alignnone size-full wp-image-584\" src=\"https:\/\/assppol.com.ar\/wp-content\/uploads\/2023\/05\/ComisionVicePresidente-1.png\" alt=\"\" width=\"189\" height=\"42\" \/>\u00a0 \u00a0 \u00a0 \u00a0 \u00a0 \u00a0 \u00a0 \u00a0 \u00a0 \u00a0 \u00a0 \u00a0 \u00a0 \u00a0 \u00a0 \u00a0 \u00a0 \u00a0 \u00a0 \u00a0 <strong>Cid Federico Mart\u00edn<\/strong><\/p>\n<hr \/>\n<p><img loading=\"lazy\" decoding=\"async\" class=\"alignnone size-full wp-image-587\" src=\"https:\/\/assppol.com.ar\/wp-content\/uploads\/2023\/05\/ComisionSecretaria.png\" alt=\"\" width=\"189\" height=\"42\" \/>\u00a0 \u00a0 \u00a0 \u00a0 \u00a0 \u00a0 \u00a0 \u00a0 \u00a0 \u00a0 \u00a0 \u00a0 \u00a0 \u00a0 \u00a0 \u00a0 \u00a0 \u00a0 \u00a0 \u00a0<strong>Puca Marisa Susana<\/strong><\/p>\n<hr \/>\n<p><img loading=\"lazy\" decoding=\"async\" class=\"alignnone size-full wp-image-588\" src=\"https:\/\/assppol.com.ar\/wp-content\/uploads\/2023\/05\/ComisionProSecretario.png\" alt=\"\" width=\"189\" height=\"42\" \/>\u00a0 \u00a0 \u00a0 \u00a0 \u00a0 \u00a0 \u00a0 \u00a0 \u00a0 \u00a0 \u00a0 \u00a0 \u00a0 \u00a0 \u00a0 \u00a0 \u00a0 \u00a0 \u00a0 \u00a0<strong>Salas Georgina Luciana<\/strong><\/p>\n<hr \/>\n<p><img loading=\"lazy\" decoding=\"async\" class=\"alignnone size-full wp-image-589\" src=\"https:\/\/assppol.com.ar\/wp-content\/uploads\/2023\/05\/ComisionTesorero.png\" alt=\"\" width=\"189\" height=\"42\" \/>\u00a0 \u00a0 \u00a0 \u00a0 \u00a0 \u00a0 \u00a0 \u00a0 \u00a0 \u00a0 \u00a0 \u00a0 \u00a0 \u00a0 \u00a0 \u00a0 \u00a0 \u00a0 \u00a0 \u00a0<strong>Tello Hugo Cesar<\/strong><\/p>\n<hr \/>\n<p><img loading=\"lazy\" decoding=\"async\" class=\"alignnone size-full wp-image-590\" src=\"https:\/\/assppol.com.ar\/wp-content\/uploads\/2023\/05\/ComisionProTesorero.png\" alt=\"\" width=\"189\" height=\"42\" \/>\u00a0 \u00a0 \u00a0 \u00a0 \u00a0 \u00a0 \u00a0 \u00a0 \u00a0 \u00a0 \u00a0 \u00a0 \u00a0 \u00a0 \u00a0 \u00a0 \u00a0 \u00a0 \u00a0 \u00a0 <strong>Vega Humberto Dante<\/strong><\/p>\n<hr \/>\n<p><img loading=\"lazy\" decoding=\"async\" class=\"alignnone size-full wp-image-591\" src=\"https:\/\/assppol.com.ar\/wp-content\/uploads\/2023\/05\/ComisionVocalTitular.png\" alt=\"\" width=\"189\" height=\"42\" \/>\u00a0 \u00a0 \u00a0 \u00a0 \u00a0 \u00a0 \u00a0 \u00a0 \u00a0 \u00a0 \u00a0 \u00a0 \u00a0 \u00a0 \u00a0 \u00a0 \u00a0 \u00a0 \u00a0 \u00a0<strong>Puyo Julio Cesar<\/strong><\/p>\n<hr \/>\n<p><img loading=\"lazy\" decoding=\"async\" class=\"alignnone size-full wp-image-591\" src=\"https:\/\/assppol.com.ar\/wp-content\/uploads\/2023\/05\/ComisionVocalTitular.png\" alt=\"\" width=\"189\" height=\"42\" \/>\u00a0 \u00a0 \u00a0 \u00a0 \u00a0 \u00a0 \u00a0 \u00a0 \u00a0 \u00a0 \u00a0 \u00a0 \u00a0 \u00a0 \u00a0 \u00a0 \u00a0 \u00a0 \u00a0 \u00a0<strong>Navarro Nadia Daniela<\/strong><\/p>\n<hr \/>\n<p><img loading=\"lazy\" decoding=\"async\" class=\"alignnone size-full wp-image-592\" src=\"https:\/\/assppol.com.ar\/wp-content\/uploads\/2023\/05\/ComisionVocalSuplente.png\" alt=\"\" width=\"189\" height=\"42\" \/>\u00a0 \u00a0 \u00a0 \u00a0 \u00a0 \u00a0 \u00a0 \u00a0 \u00a0 \u00a0 \u00a0 \u00a0 \u00a0 \u00a0 \u00a0 \u00a0 \u00a0 \u00a0 \u00a0 \u00a0<strong>Carrizo Juana Fanny<\/strong><\/p>\n<hr \/>\n<p><img loading=\"lazy\" decoding=\"async\" class=\"alignnone size-full wp-image-592\" src=\"https:\/\/assppol.com.ar\/wp-content\/uploads\/2023\/05\/ComisionVocalSuplente.png\" alt=\"\" width=\"189\" height=\"42\" \/>\u00a0 \u00a0 \u00a0 \u00a0 \u00a0 \u00a0 \u00a0 \u00a0 \u00a0 \u00a0 \u00a0 \u00a0 \u00a0 \u00a0 \u00a0 \u00a0 \u00a0 \u00a0 \u00a0 \u00a0<strong>Lucero Cuello Yesica Yael<\/strong><\/p>\n<hr \/>\n<p><img loading=\"lazy\" decoding=\"async\" class=\"alignnone size-full wp-image-593\" src=\"https:\/\/assppol.com.ar\/wp-content\/uploads\/2023\/05\/ComisionRevisorCtaTitular.png\" alt=\"\" width=\"189\" height=\"42\" \/>\u00a0 \u00a0 \u00a0 \u00a0 \u00a0 \u00a0 \u00a0 \u00a0 \u00a0 \u00a0 \u00a0 \u00a0 \u00a0 \u00a0 \u00a0 \u00a0 \u00a0 \u00a0 \u00a0 \u00a0<strong>Torres Maria Belen<\/strong><\/p>\n<hr \/>\n<p><img loading=\"lazy\" decoding=\"async\" class=\"alignnone size-full wp-image-593\" src=\"https:\/\/assppol.com.ar\/wp-content\/uploads\/2023\/05\/ComisionRevisorCtaTitular.png\" alt=\"\" width=\"189\" height=\"42\" \/>\u00a0 \u00a0 \u00a0 \u00a0 \u00a0 \u00a0 \u00a0 \u00a0 \u00a0 \u00a0 \u00a0 \u00a0 \u00a0 \u00a0 \u00a0 \u00a0 \u00a0 \u00a0 \u00a0 \u00a0<strong>Lopez Nicolas Alberto<\/strong><\/p>\n<hr \/>\n<p><img loading=\"lazy\" decoding=\"async\" class=\"alignnone size-full wp-image-594\" src=\"https:\/\/assppol.com.ar\/wp-content\/uploads\/2023\/05\/ComisionRevisorCtaSuplente.png\" alt=\"\" width=\"189\" height=\"42\" \/>\u00a0 \u00a0 \u00a0 \u00a0 \u00a0 \u00a0 \u00a0 \u00a0 \u00a0 \u00a0 \u00a0 \u00a0 \u00a0 \u00a0 \u00a0 \u00a0 \u00a0 \u00a0 \u00a0 \u00a0<strong>G\u00f3mez Antonio Mario Hector<\/strong><\/p>\n<hr \/>\n<p><img loading=\"lazy\" decoding=\"async\" class=\"alignnone size-full wp-image-594\" src=\"https:\/\/assppol.com.ar\/wp-content\/uploads\/2023\/05\/ComisionRevisorCtaSuplente.png\" alt=\"\" width=\"189\" height=\"42\" \/>\u00a0 \u00a0 \u00a0 \u00a0 \u00a0 \u00a0 \u00a0 \u00a0 \u00a0 \u00a0 \u00a0 \u00a0 \u00a0 \u00a0 \u00a0 \u00a0 \u00a0 \u00a0 \u00a0 \u00a0<strong>Nieto Nelson Esteban<\/strong><\/p>\n<hr \/>\n<p><img loading=\"lazy\" decoding=\"async\" class=\"alignnone size-full wp-image-594\" src=\"https:\/\/assppol.com.ar\/wp-content\/uploads\/2023\/05\/ComisionRevisorCtaSuplente.png\" alt=\"\" width=\"189\" height=\"42\" \/>\u00a0 \u00a0 \u00a0 \u00a0 \u00a0 \u00a0 \u00a0 \u00a0 \u00a0 \u00a0 \u00a0 \u00a0 \u00a0 \u00a0 \u00a0 \u00a0 \u00a0 \u00a0 \u00a0 \u00a0<strong>Castro Graciela Edith<\/strong><\/p>\n<hr \/>\n<p>&nbsp;<\/p>\n","protected":false},"excerpt":{"rendered":"<p>Creada el 8 de Agosto de 1984, en su larga trayectoria, nuestra Asociaci\u00f3n de Servicios&#8230;<\/p>\n","protected":false},"author":1,"featured_media":0,"parent":0,"menu_order":0,"comment_status":"closed","ping_status":"closed","template":"","meta":{"footnotes":""},"class_list":["post-432","page","type-page","status-publish","hentry"],"_links":{"self":[{"href":"https:\/\/assppol.com.ar\/index.php?rest_route=\/wp\/v2\/pages\/432","targetHints":{"allow":["GET"]}}],"collection":[{"href":"https:\/\/assppol.com.ar\/index.php?rest_route=\/wp\/v2\/pages"}],"about":[{"href":"https:\/\/assppol.com.ar\/index.php?rest_route=\/wp\/v2\/types\/page"}],"author":[{"embeddable":true,"href":"https:\/\/assppol.com.ar\/index.php?rest_route=\/wp\/v2\/users\/1"}],"replies":[{"embeddable":true,"href":"https:\/\/assppol.com.ar\/index.php?rest_route=%2Fwp%2Fv2%2Fcomments&post=432"}],"version-history":[{"count":12,"href":"https:\/\/assppol.com.ar\/index.php?rest_route=\/wp\/v2\/pages\/432\/revisions"}],"predecessor-version":[{"id":742,"href":"https:\/\/assppol.com.ar\/index.php?rest_route=\/wp\/v2\/pages\/432\/revisions\/742"}],"wp:attachment":[{"href":"https:\/\/assppol.com.ar\/index.php?rest_route=%2Fwp%2Fv2%2Fmedia&parent=432"}],"curies":[{"name":"wp","href":"https:\/\/api.w.org\/{rel}","templated":true}]}}

<p>Creada el 8 de Agosto de 1984, en su larga trayectoria, nuestra Asociación de Servicios Sociales del Personal Policial fue creciendo en servicios y beneficios para responder a la necesidad de más de 1500 afiliados con los que cuenta en la actualidad.</p>
<p>Durante 39 años nos abocamos a la prestación de servicios sociales, integrándonos principalmente a la familia policial  y penitenciaria en actividad en toda la provincia de La Rioja. Agrupamos a todo el Personal Policial sin Distinción de Jerarquías y a su grupo familiar, dedicándonos permanentemente a atender Salud, Social y Deporte.</p>
<p>La sede de ASSPPOL está ubicada en 9 de Julio 278 en la Capital de la provincia de La Rioja, donde cuenta con un equipo de trabajo con aptitudes para gestionar, organizar, planificar, comunicar e informar, centrando  la atención en la necesidad del personal afiliado y dando respuestas eficientes a cada situación.</p>
<p><strong>Nuestra Esencia y Compromiso Social</strong></p>
<p>Contamos con un Estatuto el cual establece la designación del Consejo Directivo, electo para desempeñarse en el cargo por Dos Años pudiendo ser reelectos, llevando a delante con responsabilidad  los destinos de la Institución.</p>
<p>En la Actualidad estamos fortaleciendo la relación estratégicamente con las diferentes entidades, prestadores y profesionales comprometiéndonos socialmente, buscando a través de la interacción el desarrollo de los valores, habilidades, calidad de servicio y escalabilidad de los mismos para brindarle a los afiliados mayor cobertura y servicios de calidad.</p>
<p>A lo largo de los años hemos crecido y ya contenemos a más de mil quinientos afiliados directos en Capital e Interior, como nombramos anteriormente.</p>
<p><strong>Visión</strong></p>
<p>Mantenemos el rumbo fijado consolidándonos como una entidad abierta a la sociedad, mejorando cada día para lograr una mejor y mayor calidad en servicios; convocando a profesionales del medio, quienes nos dan la confianza en cada especialidad, con alcance en toda la provincia, buscando la excelencia, la mejora continua, y el liderazgo en la asistencia a los efectivos policiales.</p>
<p><strong>Misión</strong></p>
<p>Garantizar la cobertura en salud y servicios sociales a través de un en relación precio-calidad a todo el personal policial y penitenciario, cuidando su bienestar y del grupo familiar.</p>
<p><strong>Nuestros Valores</strong></p>
<p>Reconocemos en cada acción un determinado valor agregado. Es por eso que nos sustentamos en lo siguiente:</p>
<ul>
<li>Integridad: Aspiramos a mantener nuestra organización dentro de los principios éticos y morales compartidos, basándonos en la solidaridad, equidad y accesibilidad.</li>
<li>Innovación: Indica el modo en que enfrentamos los desafíos, siempre listos para superarnos con ideas nuevas. Nos diferenciamos por nuestra creatividad, propuestas innovadoras, constante actualización en la operatividad, y la digitalización como estrategia importante para comunicar e informar, ayornandonos a los tiempos que corren y utilizando las herramientas informáticas para trascender en el espacio y en el tiempo.</li>
<li>Compromiso: Si bien necesitamos operar con índices de rentabilidad adecuados para cumplir con nuestras responsabilidades, estamos comprometidos para satisfacer a nuestros afiliados y cumplir con nuestra responsabilidad social, apoyando a la comunidad que nos rodea, escuelas, hospitales, actividades recreativas, deportivas.</li>
</ul>
<hr />
<h3 style="text-align: center;"><span style="color: #008000;">Ver Estatuto de Assppol</span></h3>
<p style="text-align: center;"><a href="https://assppol.com.ar/wp-content/uploads/2023/05/Estatuto-Assppol.pdf">Estatuto Assppol</a></p>
<hr />
<p>&nbsp;</p>
<h3 style="text-align: center;"><span style="color: #008000;">Comisión Directiva</span></h3>
<p style="text-align: center;"><strong>Comisión Directiva Electa en Asamblea Anual Ordinaria del 10/11/2023</strong></p>
<p style="text-align: center;"><strong>Periodo 2023 &#8211; 2025</strong></p>
<hr />
<p style="text-align: left;"><img loading="lazy" decoding="async" class="alignnone size-full wp-image-586" src="https://assppol.com.ar/wp-content/uploads/2023/05/ComisionPresidente-1.png" alt="" width="189" height="42" />                                        <strong>Martinez Héctor Mauricio</strong></p>
<hr />
<p><img loading="lazy" decoding="async" class="alignnone size-full wp-image-584" src="https://assppol.com.ar/wp-content/uploads/2023/05/ComisionVicePresidente-1.png" alt="" width="189" height="42" />                                        <strong>Cid Federico Martín</strong></p>
<hr />
<p><img loading="lazy" decoding="async" class="alignnone size-full wp-image-587" src="https://assppol.com.ar/wp-content/uploads/2023/05/ComisionSecretaria.png" alt="" width="189" height="42" />                                       <strong>Puca Marisa Susana</strong></p>
<hr />
<p><img loading="lazy" decoding="async" class="alignnone size-full wp-image-588" src="https://assppol.com.ar/wp-content/uploads/2023/05/ComisionProSecretario.png" alt="" width="189" height="42" />                                       <strong>Salas Georgina Luciana</strong></p>
<hr />
<p><img loading="lazy" decoding="async" class="alignnone size-full wp-image-589" src="https://assppol.com.ar/wp-content/uploads/2023/05/ComisionTesorero.png" alt="" width="189" height="42" />                                       <strong>Tello Hugo Cesar</strong></p>
<hr />
<p><img loading="lazy" decoding="async" class="alignnone size-full wp-image-590" src="https://assppol.com.ar/wp-content/uploads/2023/05/ComisionProTesorero.png" alt="" width="189" height="42" />                                        <strong>Vega Humberto Dante</strong></p>
<hr />
<p><img loading="lazy" decoding="async" class="alignnone size-full wp-image-591" src="https://assppol.com.ar/wp-content/uploads/2023/05/ComisionVocalTitular.png" alt="" width="189" height="42" />                                       <strong>Puyo Julio Cesar</strong></p>
<hr />
<p><img loading="lazy" decoding="async" class="alignnone size-full wp-image-591" src="https://assppol.com.ar/wp-content/uploads/2023/05/ComisionVocalTitular.png" alt="" width="189" height="42" />                                       <strong>Navarro Nadia Daniela</strong></p>
<hr />
<p><img loading="lazy" decoding="async" class="alignnone size-full wp-image-592" src="https://assppol.com.ar/wp-content/uploads/2023/05/ComisionVocalSuplente.png" alt="" width="189" height="42" />                                       <strong>Carrizo Juana Fanny</strong></p>
<hr />
<p><img loading="lazy" decoding="async" class="alignnone size-full wp-image-592" src="https://assppol.com.ar/wp-content/uploads/2023/05/ComisionVocalSuplente.png" alt="" width="189" height="42" />                                       <strong>Lucero Cuello Yesica Yael</strong></p>
<hr />
<p><img loading="lazy" decoding="async" class="alignnone size-full wp-image-593" src="https://assppol.com.ar/wp-content/uploads/2023/05/ComisionRevisorCtaTitular.png" alt="" width="189" height="42" />                                       <strong>Torres Maria Belen</strong></p>
<hr />
<p><img loading="lazy" decoding="async" class="alignnone size-full wp-image-593" src="https://assppol.com.ar/wp-content/uploads/2023/05/ComisionRevisorCtaTitular.png" alt="" width="189" height="42" />                                       <strong>Lopez Nicolas Alberto</strong></p>
<hr />
<p><img loading="lazy" decoding="async" class="alignnone size-full wp-image-594" src="https://assppol.com.ar/wp-content/uploads/2023/05/ComisionRevisorCtaSuplente.png" alt="" width="189" height="42" />                                       <strong>Gómez Antonio Mario Hector</strong></p>
<hr />
<p><img loading="lazy" decoding="async" class="alignnone size-full wp-image-594" src="https://assppol.com.ar/wp-content/uploads/2023/05/ComisionRevisorCtaSuplente.png" alt="" width="189" height="42" />                                       <strong>Nieto Nelson Esteban</strong></p>
<hr />
<p><img loading="lazy" decoding="async" class="alignnone size-full wp-image-594" src="https://assppol.com.ar/wp-content/uploads/2023/05/ComisionRevisorCtaSuplente.png" alt="" width="189" height="42" />                                       <strong>Castro Graciela Edith</strong></p>
<hr />
<p>&nbsp;</p>

<p>Creada el 8 de Agosto de 1984, en su larga trayectoria, nuestra Asociación de Servicios&#8230;</p>
